 -2*i = -x - 2, -i - i - 34 = 5*x. Is (-6 + (-2359)/2)*x prime?
False
Is 1648015/(-20)*(-4)/(-1)*(-73 + 72) composite?
False
Suppose -6 = -2*p - 2*b, -3*b = 5*p - 0*p - 13. Suppose -p*v + 21 = -5*v. Is (-10580)/v + 69/(-161) prime?
True
Let m be 3759/(-9) - 1 - (-10)/15. Let q = m - -2907. Is q prime?
False
Suppose 0 = 2*p + q - 313345, 5*p - 783364 = 20*q - 23*q. Is p composite?
False
Let k be (-5 - (-2485472)/12) + (-4)/6. Suppose 46*j - k = 19*j. Is j composite?
True
Suppose 4 = l + 2, 0 = 4*t - 3*l + 6. Suppose t = -2*b - y + 11906, 9*b - y = 14*b - 29759. Is b a composite number?
True
Suppose 2*c + 4*q - 215834 = 0, 119*c + 2*q = 122*c - 323775. Is c a composite number?
False
Suppose -19891*w + 19870*w = -7609497. Is w prime?
True
Suppose b + 0 = -4*a - 26, a = -2. Let c be ((-9)/b)/(1/2) - 1. Suppose 5*m + 10 = c, 0 = 3*p + 5*m + 25 - 294. Is p a prime number?
False
Suppose 8 = 4*m - 2*t, -2*t + 12 = 2*m - 7*t. Is (m - 200)/(14 - 15) prime?
True
Is (-5)/((-10)/4) - (4 + -17771) a prime number?
False
Let b(f) = 56*f**2 + 5*f + 4. Let p be ((-10)/6)/(2/(-6)). Suppose p*t = 4*k - 31, -1 - 3 = -k. Is b(t) a composite number?
True
Suppose 13 = -2*w + 7. Let y be (2/5)/((w/1)/(-30)). Suppose -y*k = -552 - 300. Is k composite?
True
Suppose -68*t = 4*b - 67*t - 118114, 2*t = 12. Is b a composite number?
False
Let a(r) = -r**3 - 13*r**2 - 8*r + 2. Let q be a(-10). Let x(h) = 2*h**3 + 14*h**2 - 17*h - 3. Let i be x(-8). Let c = i - q. Is c a prime number?
True
Suppose 3*z - y = 8*z - 29061, 0 = 2*z + 3*y - 11627. Suppose -2*a - 5*g = -z, 4*a - g - 11624 = 3*g. Is a composite?
True
Let q(z) = 21*z**2 + 3*z - 1. Let v(k) = -2*k**2 + 17*k + 19. Let o be v(9). Let p be ((-14)/4)/(6 + (-55)/o). Is q(p) prime?
False
Suppose 0 = 9*k + k - 314920. Suppose 3*s - 5274 - 26198 = -5*a, -3*s = a - k. Is s a prime number?
True
Let x = -116 + 237. Suppose 3*a = -s + 6*a + 53, a + x = 2*s. Suppose 0 = 58*t - s*t + 4156. Is t prime?
True
Suppose h + 4*d + 2 = 0, -3*h = -3*d - 0*d + 6. Let b(l) = -378*l**2 + 10*l + 16. Let u be b(h). Is u/(-16) - ((-13)/4 + 4) a prime number?
False
Suppose -5*t = 5*t - 30. Suppose -y - 2 = t, 5*n + 20 = -2*y. Is (-20)/5 - (n + -160) composite?
True
Let f = 444 + -440. Suppose -f*b = -27569 + 10029. Is b composite?
True
Let o = 15174 + -6698. Let v = o - 4905. Is v prime?
True
Is (-426118)/(-22) - (2 - (6 + 0)) a composite number?
False
Let w = -168 - -215. Suppose -45*v + w*v = 27622. Is v prime?
False
Let r(b) = 61711*b**2 - 22*b + 134. Is r(3) a prime number?
False
Let m(h) = -296*h + 77. Suppose -31 = -12*u - 151. Is m(u) composite?
False
Suppose -2*j + 5 = -5*b - 3*j, -b = 2*j + 10. Suppose -77*n - 64 = -61*n. Is (n/(-6))/(b + 2/1506) a composite number?
True
Let d be -2*(1 + 0)*30/(-12). Suppose f - 12 = -5*o + 4*f, -4*o + 17 = d*f. Suppose 2*j - 1352 = c, 3*j - 982 = -o*c + 1055. Is j a composite number?
False
Let m(k) = -15*k - 13. Suppose -10*r + 5*s - 20 = -5*r, 0 = 2*r - 3*s + 8. Is m(r) a composite number?
False
Let o = 27 + -26. Let g be ((-2)/1)/(o/(-14)). Is g + 7/((-28)/(-12)) composite?
False
Let o be ((-9)/6 - -3)/((-6)/40552). Let a = o - -18514. Suppose -2*f - 854 + a = 0. Is f a prime number?
True
Is 4 + 3884145/90 + 2/(-12) a prime number?
False
Suppose 7*w = 2*w + 5085. Let m = -636 + w. Is m a prime number?
False
Let k be (-49331)/21 - 2/(-21). Let p = k + 5614. Is p composite?
True
Is (447/3)/((-4)/(-2236)) + -6 composite?
True
Suppose -n + l + 1 = -2*l, 4*n = -3*l + 19. Suppose -n*d = 6*d - 16370. Is d a prime number?
True
Let x be (-41275600)/(-494) - (-4)/26. Suppose 125333 = n + 2*n + v, -2*n + x = v. Is n a prime number?
False
Let c = -6 - -6. Suppose -63*d + 305 = -2*d. Suppose 0 = -2*v - c*v + d*x + 3293, -5*v - x + 8192 = 0. Is v composite?
True
Let n(d) = d**3 + 8*d**2 - 21*d - 7. Let y be n(-10). Suppose 4*h + o + y*o = 5124, o - 6421 = -5*h. Is h a composite number?
True
Suppose 3*o + 5*n - 4555 = n, 4*o - 6071 = -3*n. Is o a composite number?
True
Is 5/2*2 - ((15 - 39) + -26124) prime?
True
Is (12/8)/(1330332/120936 + -11) prime?
True
Suppose -74*a + 71*a - 80578 = -2*l, 2*a = 5*l - 201489. Is l a prime number?
False
Let o(l) = 5*l**3 - 14 + 5*l**2 + 2*l**2 - 6*l**3 + 5 + 9*l. Let a be o(8). Is (a - 1)*(-2 - (-2004)/(-8)) a composite number?
True
Suppose 38*y = 42*y - 44. Let m(x) = 11*x - 9*x**2 - y - 4*x + 30*x**2. Is m(10) composite?
True
Let h = 49 + 50. Let n = 43 - h. Is 24/n - (-440)/14 composite?
False
Suppose -14 = -3*i - 4*i. Suppose 4*k - i*k = -10. Let l(m) = -11*m + 3. Is l(k) a composite number?
True
Let g = 657052 + -266043. Is g composite?
False
Suppose d - 2*d = -3. Let b be 464/12 + 1/d. Is (211 - -3)/(b/(-15) + 3) prime?
False
Let g = -104 - -107. Suppose 2*f + f + 4*p = -4016, -4*f = g*p + 5364. Is f/(-2) + 7 + -10 a prime number?
False
Let o(m) = -m**3 + 5*m**2 - m + 5. Let j be o(5). Suppose j = 5*u - 0*u + 15, 5*h - 15 = -5*u. Suppose h*s = 7*s - 541. Is s composite?
False
Suppose -2*h - 2*h - 667 = 5*x, 5*x + 494 = -3*h. Let n = -99 - h. Suppose -n = 2*r - 2*i - 2450, 3*r = i + 3574. Is r a prime number?
True
Let h = -138 + 67. Let n = -69 - h. Is n + (4 - 1) + 1652 prime?
True
Suppose 10*f + 5403 = 11*f. Let m = f + -2466. Suppose 5*b - 2*r = m, -3*b + 2351 = b - 3*r. Is b composite?
False
Suppose 8573615 = 63*r - 9899182. Is r a prime number?
False
Let y be 2/4*(-1 - -1) + 2. Suppose y*k + 16269 = 5*p + 5784, 2*p = -2*k + 4208. Is p a prime number?
True
Let g = 266606 + 253163. Is g a composite number?
False
Suppose 5*y = -28 - 12. Let p be (-4)/y*(-4 + 4). Suppose p*q = -5*q + 2075. Is q a composite number?
True
Let d(n) = 3*n**2 - 2. Suppose 0 = -0*p - 2*p + 4. Let c be d(p). Is (2 - 2 - 2) + 110/c prime?
False
Is (4 - (-3 + (-243)/(-36)))*508052 prime?
False
Let k = -151648 + 351857. Is k composite?
True
Let z = -57058 + 203249. Is z a prime number?
True
Let x = -5 + 7. Let c(g) = 937*g**3 + 3. Is c(x) prime?
True
Let g(x) = -50*x + 41. Let m(v) = -v**2 + 14*v - 14. Let r be m(11). Let o be (-10 + 11)*r/1*-1. Is g(o) composite?
False
Let h = 88380 - 51681. Suppose 21*x = 15696 + h. Is x a composite number?
True
Let u(q) = 2*q**2 + 5*q - 18. Let v be u(10). Suppose 3*h = -a + 49, 4*a + h = -2*h + v. Let g = -18 + a. Is g a prime number?
True
Let y(f) = -f**3 + 13*f**2 + 75*f + 6. Let z be y(17). Let x(n) = n**3 - 2*n**2 + n - 2. Let a be x(5). Let v = z - a. Is v prime?
True
Let w(t) be the first derivative of 49*t**2/2 + 13*t - 267. Suppose 24 = 5*g + 3*v, 3*v + 5 = g - 7. Is w(g) a prime number?
True
Suppose 0 = -4*q - 4, -9*k + 13*k - 46 = -2*q. Suppose 3*i = 4*y - 79640, 0 = k*i - 10*i - 8. Is y prime?
True
Let k = 6408 - 4561. Is k a composite number?
False
Suppose 0 = b - 61524 + 16681. Is b composite?
False
Suppose -3*n = -9*n + 6. Suppose -2*i = -5*t + 19, -t + 0*i + 2*i - n = 0. Is -5 - (t + -10 - 941) prime?
True
Suppose -2*o + 184248 = 4*o. Suppose 10*p = 13*p - o. Is (p/(-18))/(6/(-9)) prime?
True
Suppose -3*v + 37*v = 9*v + 13625575. Is v a composite number?
False
Let a(t) be the second derivative of 1592*t**5/5 - t**4/12 + t**2/2 - 23*t. Let g be a(1). Let l = g - 2035. Is l a composite number?
True
Let w = 1959 + 165. Let p = w + -3154. Let m = -143 - p. Is m prime?
True
Suppose 2*k - 18489 = 5*c, 40*c - 36964 = -4*k + 36*c. Is k composite?
True
Suppose 0 = -5*r + 4*o - 8 + 22, -5 = 5*o. Suppose r*c + 2*d = 990, 2*c + 2*d - 986 = -d. Suppose -21*s + c = -20*s. Is s prime?
True
Let m be (7 - 0)/(19 + -18). Suppose -m*g = -11*g - 608. Let v = g - -307. Is v composite?
True
Let h = 13676 - 6234. Suppose 0*y - 4*t - 1869 = -y, t - h = -4*y. Is y prime?
True
Let u(a) = 172*a**3 - 2*a**2 - 25*a + 259. Is u(6) composite?
False
Let m(f) = 17136*f + 185. Is m(2) a prime number?
True
Is 10616238/(-144)*128/(-48) composite?
False
Suppose 1496*o = 1572*o - 333716. Is o prime?
True
Suppose -5*y = 2*t - 200, -5*t - 7*y = -2*y - 530. Suppose -2*d - 35 = -5*x + 89, t = 5*x + 5*d. Suppose 19*m - 23*m = -x. Is m composite?
True
Let r = -24 + 24. Let h be ((-30)/2)/(-5) + (r - 0). Suppose -6*d + 20853 = h*d. Is d prime?
False
Let i be 12/(-40)*-2 + 183276/15. Suppose -5*a = -7 + 32, -i = 3*n - 3*a. Is (-5)/((-50)/(-5))*n prime?
True
Suppose 0 = -701*i + 693*i + 187696